{"id":27315,"date":"2019-04-22T10:04:23","date_gmt":"2019-04-22T10:04:23","guid":{"rendered":"https:\/\/www.galloportugal.com\/receita\/mini-almondegas-de-carne-com-pure-de-batata-e-broculos\/"},"modified":"2020-10-20T18:56:33","modified_gmt":"2020-10-20T18:56:33","slug":"mini-almondegas-de-carne-com-pure-de-batata-e-brocolis","status":"publish","type":"receita","link":"https:\/\/victorguedes.com\/pt-br\/receita\/mini-almondegas-de-carne-com-pure-de-batata-e-brocolis\/","title":{"rendered":"Mini alm\u00f4ndegas de carne com pur\u00ea de batata e br\u00f3colis"},"content":{"rendered":"","protected":false},"featured_media":55671,"parent":0,"template":"","meta":{"iawp_total_views":4},"intolerancia":[],"acf":[],"aioseo_notices":[],"_links":{"self":[{"href":"https:\/\/victorguedes.com\/pt-br\/wp-json\/wp\/v2\/receita\/27315"}],"collection":[{"href":"https:\/\/victorguedes.com\/pt-br\/wp-json\/wp\/v2\/receita"}],"about":[{"href":"https:\/\/victorguedes.com\/pt-br\/wp-json\/wp\/v2\/types\/receita"}],"wp:featuredmedia":[{"embeddable":true,"href":"https:\/\/victorguedes.com\/pt-br\/wp-json\/wp\/v2\/media\/55671"}],"wp:attachment":[{"href":"https:\/\/victorguedes.com\/pt-br\/wp-json\/wp\/v2\/media?parent=27315"}],"wp:term":[{"taxonomy":"intolerancia","embeddable":true,"href":"https:\/\/victorguedes.com\/pt-br\/wp-json\/wp\/v2\/intolerancia?post=27315"}],"curies":[{"name":"wp","href":"https:\/\/api.w.org\/{rel}","templated":true}]}}

Mini almôndegas de carne com purê de batata e brócolis
