{"id":15597,"date":"2018-10-30T07:55:36","date_gmt":"2018-10-30T07:55:36","guid":{"rendered":"http:\/\/www.galloportugal.com\/?page_id=15597"},"modified":"2025-06-03T14:48:51","modified_gmt":"2025-06-03T14:48:51","slug":"os-nossos-premios","status":"publish","type":"page","link":"https:\/\/victorguedes.com\/palop\/os-nossos-premios\/","title":{"rendered":"Os Nossos Pr\u00e9mios"},"content":{"rendered":"<p><span style=\"font-weight: 400;\">Segundo o EVOO World Ranking (Ranking Mundial de Azeite Extra Virgem), ranking sem fins lucrativos, que tem como objetivo promover os azeites extra virgens mais premiados do mundo levando em considera\u00e7\u00e3o os concursos mais renomados do segmento, a marca Gallo \u00e9 hoje, a companhia com o maior n\u00famero de premia\u00e7\u00f5es internacionais, totalizando 143 reconhecimentos. Em 2022, a Gallo comemorava o marco de ser a marca portuguesa mais premiada do mundo e agora, no ranking de 2024, pode celebrar a nova e maior conquista: ser a marca de azeites mais premiada do mundo. Um resultado que muito nos orgulha e que comprova a nossa paix\u00e3o pelo sabor e aroma dos azeites e a nossa busca incessante pela perfei\u00e7\u00e3o! <\/span>Descubra onde conquist\u00e1mos pr\u00e9mios nos \u00faltimos anos:<\/p>\n","protected":false},"excerpt":{"rendered":"<p>Segundo o EVOO World Ranking (Ranking Mundial de Azeite Extra Virgem), ranking sem fins lucrativos, que tem como objetivo promover os azeites extra virgens mais premiados do mundo levando em considera\u00e7\u00e3o os concursos mais renomados do segmento, a marca Gallo \u00e9 hoje, a companhia com o maior n\u00famero de premia\u00e7\u00f5es internacionais, totalizando 143 reconhecimentos. Em &hellip; <\/p>\n<p class=\"link-more\"><a href=\"https:\/\/victorguedes.com\/palop\/os-nossos-premios\/\" class=\"more-link\">Continue reading<span class=\"screen-reader-text\"> &#8220;Os Nossos Pr\u00e9mios&#8221;<\/span><\/a><\/p>\n","protected":false},"author":1,"featured_media":53959,"parent":0,"menu_order":0,"comment_status":"closed","ping_status":"closed","template":"inc\/premios.php","meta":{"footnotes":"","iawp_total_views":1},"acf":[],"aioseo_notices":[],"_links":{"self":[{"href":"https:\/\/victorguedes.com\/palop\/wp-json\/wp\/v2\/pages\/15597"}],"collection":[{"href":"https:\/\/victorguedes.com\/palop\/wp-json\/wp\/v2\/pages"}],"about":[{"href":"https:\/\/victorguedes.com\/palop\/wp-json\/wp\/v2\/types\/page"}],"author":[{"embeddable":true,"href":"https:\/\/victorguedes.com\/palop\/wp-json\/wp\/v2\/users\/1"}],"replies":[{"embeddable":true,"href":"https:\/\/victorguedes.com\/palop\/wp-json\/wp\/v2\/comments?post=15597"}],"version-history":[{"count":8,"href":"https:\/\/victorguedes.com\/palop\/wp-json\/wp\/v2\/pages\/15597\/revisions"}],"predecessor-version":[{"id":789364,"href":"https:\/\/victorguedes.com\/palop\/wp-json\/wp\/v2\/pages\/15597\/revisions\/789364"}],"wp:featuredmedia":[{"embeddable":true,"href":"https:\/\/victorguedes.com\/palop\/wp-json\/wp\/v2\/media\/53959"}],"wp:attachment":[{"href":"https:\/\/victorguedes.com\/palop\/wp-json\/wp\/v2\/media?parent=15597"}],"curies":[{"name":"wp","href":"https:\/\/api.w.org\/{rel}","templated":true}]}}